{"id":644,"date":"2023-07-05T12:04:42","date_gmt":"2023-07-05T09:04:42","guid":{"rendered":"https:\/\/regizene.ro\/2025\/?page_id=644"},"modified":"2025-07-08T13:23:58","modified_gmt":"2025-07-08T10:23:58","slug":"jegyek","status":"publish","type":"page","link":"https:\/\/regizene.ro\/2025\/jegyek\/","title":{"rendered":"Jegyek"},"content":{"rendered":"[vc_row type=&#8221;full_width_background&#8221; full_screen_row_position=&#8221;middle&#8221; column_margin=&#8221;default&#8221; column_direction=&#8221;default&#8221; column_direction_tablet=&#8221;default&#8221; column_direction_phone=&#8221;default&#8221; bg_color=&#8221;#fafafa&#8221; scene_position=&#8221;center&#8221; top_padding=&#8221;5%&#8221; bottom_padding=&#8221;5%&#8221; text_color=&#8221;dark&#8221; text_align=&#8221;left&#8221; row_border_radius=&#8221;none&#8221; row_border_radius_applies=&#8221;bg&#8221; overflow=&#8221;visible&#8221; overlay_strength=&#8221;0.3&#8243; gradient_direction=&#8221;left_to_right&#8221; shape_divider_position=&#8221;bottom&#8221; bg_image_animation=&#8221;none&#8221; gradient_type=&#8221;default&#8221; shape_type=&#8221;&#8221;][vc_column top_padding_desktop=&#8221;60px&#8221; bottom_padding_desktop=&#8221;60px&#8221; left_padding_desktop=&#8221;100px&#8221; right_padding_desktop=&#8221;100px&#8221; top_margin=&#8221;-200px&#8221; column_element_direction_desktop=&#8221;default&#8221; column_element_spacing=&#8221;default&#8221; desktop_text_alignment=&#8221;default&#8221; tablet_text_alignment=&#8221;default&#8221; phone_text_alignment=&#8221;default&#8221; background_color=&#8221;#ffffff&#8221; background_color_opacity=&#8221;1&#8243; background_hover_color_opacity=&#8221;1&#8243; column_backdrop_filter=&#8221;none&#8221; column_shadow=&#8221;custom&#8221; column_border_radius=&#8221;none&#8221; column_link_target=&#8221;_self&#8221; column_position=&#8221;default&#8221; el_class=&#8221;oscroll&#8221; gradient_direction=&#8221;left_to_right&#8221; overlay_strength=&#8221;0.3&#8243; width=&#8221;8\/12&#8243; tablet_width_inherit=&#8221;default&#8221; animation_type=&#8221;default&#8221; bg_image_animation=&#8221;none&#8221; border_type=&#8221;simple&#8221; column_border_width=&#8221;none&#8221; column_border_style=&#8221;solid&#8221; column_padding_type=&#8221;advanced&#8221; custom_box_shadow=&#8221;horizontal:0,vertical:0,blur:10,spread:0,opacity:0.15&#8243; gradient_type=&#8221;default&#8221;][vc_column_text css=&#8221;.vc_custom_1751968645152{margin-bottom: 50px !important;}&#8221;]\n<table id=\"tablepress-1\" class=\"tablepress tablepress-id-1 tbody-has-connected-cells\">\n<thead>\n<tr class=\"row-1\">\n\t<th class=\"column-1\"><strong>D\u00e1tum<\/strong><\/th><th class=\"column-2\"><strong>Id\u0151pont<\/strong><\/th><th class=\"column-3\"><strong>Koncert, esem\u00e9ny<\/strong><\/th><th class=\"column-4\"><strong>Helysz\u00edn<\/strong><\/th><th class=\"column-5\"><strong>Bel\u00e9p\u0151<a href=\"#_ftn1\" name=\"_ftnref1\"><sup>[1]<\/sup><\/a><\/strong><\/th>\n<\/tr>\n<\/thead>\n<tbody class=\"row-striping row-hover\">\n<tr class=\"row-2\">\n\t<td class=\"column-1\">J\u00falius 5.,<br \/>\r\n<br \/>\r\nszombat<\/td><td class=\"column-2\">19.30<\/td><td class=\"column-3\"><strong>TRANSYLVANIA BAROKK EGY\u00dcTTES <\/strong>\/ RO, CH<\/td><td class=\"column-4\">Cinema Cs\u00edki Mozi<\/td><td class=\"column-5\">30\/20 lej<\/td>\n<\/tr>\n<tr class=\"row-3\">\n\t<td class=\"column-1\">J\u00falius 6.,<br \/>\r\n<br \/>\r\nvas\u00e1rnap<\/td><td class=\"column-2\">12.00<\/td><td class=\"column-3\"><strong>CARMINA RENASCENTIA<\/strong> \/ RO<\/td><td class=\"column-4\">Unit\u00e1rius templom<\/td><td class=\"column-5\">Ingyenes<\/td>\n<\/tr>\n<tr class=\"row-4\">\n\t<td class=\"column-1\"><\/td><td class=\"column-2\">19.30<\/td><td class=\"column-3\"><strong>A fesztiv\u00e1l \u00fcnnep\u00e9lyes megnyit\u00f3ja <\/strong><br \/>\r\n<br \/>\r\n<strong>KOLOZSV\u00c1RI BAROKKZENEKAR <\/strong>\/ RO, HU, CH, DE, DK<\/td><td class=\"column-4\">Cs\u00edksomly\u00f3i k\u00a0\u00a0\u00a0\u00a0 egytemplom<\/td><td class=\"column-5\">30\/20 lej<\/td>\n<\/tr>\n<tr class=\"row-5\">\n\t<td class=\"column-1\">J\u00falius 7.,<br \/>\r\n<br \/>\r\nh\u00e9tf\u0151<\/td><td class=\"column-2\">10.00<\/td><td class=\"column-3\"><strong>\u201eS\u00edppal, dobbal, n\u00e1di heged\u0171vel\u201d <span style=\"font-weight: 400;\">gyermekfoglalkoz\u00e1s \u00c1d\u00e1m Rebeka vezet\u00e9s\u00e9vel<\/span><\/strong><\/td><td class=\"column-4\">Zeng\u0151 T\u00e9r<\/td><td class=\"column-5\">30 lej<\/td>\n<\/tr>\n<tr class=\"row-6\">\n\t<td class=\"column-1\"><\/td><td class=\"column-2\">18.00<\/td><td class=\"column-3\"><strong>CONCERTO SPIRALIS <\/strong>\/ RO, HU, NL, CH<\/td><td class=\"column-4\">Reform\u00e1tus templom<\/td><td class=\"column-5\">30\/20 lej<\/td>\n<\/tr>\n<tr class=\"row-7\">\n\t<td class=\"column-1\"><\/td><td class=\"column-2\">21.00<\/td><td class=\"column-3\"><strong>K\u00d3NYA ISTV\u00c1N <\/strong>\/ HU<\/td><td class=\"column-4\">Szent Kereszt-templom<\/td><td class=\"column-5\">20\/15 lej<\/td>\n<\/tr>\n<tr class=\"row-8\">\n\t<td class=\"column-1\">J\u00falius 8.,<br \/>\r\n<br \/>\r\nkedd<\/td><td class=\"column-2\">10.00<\/td><td class=\"column-3\"><strong>\u201eS\u00edppal, dobbal, n\u00e1di heged\u0171vel\u201d <span style=\"font-weight: 400;\">gyermekfoglalkoz\u00e1s \u00c1d\u00e1m Rebeka vezet\u00e9s\u00e9vel<\/span><\/strong><\/td><td class=\"column-4\">Zeng\u0151 T\u00e9r<\/td><td class=\"column-5\">30 lej<\/td>\n<\/tr>\n<tr class=\"row-9\">\n\t<td class=\"column-1\"><\/td><td class=\"column-2\">18.00<\/td><td class=\"column-3\"><strong>CODEX<\/strong> \/ RO<\/td><td class=\"column-4\">Mik\u00f3-v\u00e1r<\/td><td class=\"column-5\">Ingyenes<\/td>\n<\/tr>\n<tr class=\"row-10\">\n\t<td class=\"column-1\"><\/td><td class=\"column-2\">21.00<\/td><td class=\"column-3\"><strong>SALAT-ZAKARI\u00c1S SOMA<\/strong> &amp; <strong>JOAN BORONAT SANZ<\/strong> \/ CH<\/td><td class=\"column-4\">Cinema Cs\u00edki Mozi<\/td><td class=\"column-5\">20\/15 lej<\/td>\n<\/tr>\n<tr class=\"row-11\">\n\t<td class=\"column-1\">J\u00falius 9.,<br \/>\r\n<br \/>\r\nszerda<\/td><td class=\"column-2\">17.00<\/td><td class=\"column-3\"><strong>KAR\u00c1CSONY NO\u00c9MI <\/strong>&amp; <strong>PAUL CRISTIAN<\/strong> \/ RO<\/td><td class=\"column-4\">Szent L\u00e1szl\u00f3-p l\u00e9b\u00e1niatemplom (Sz\u00e9pv\u00edz) \ud83d\ude8c<\/td><td class=\"column-5\">Ingyenes<br \/>\r\n<br \/>\r\n\u00a0<\/td>\n<\/tr>\n<tr class=\"row-12\">\n\t<td class=\"column-1\"><\/td><td class=\"column-2\">20.00<\/td><td class=\"column-3\"><strong>K\u00d3NYA ISTV\u00c1N<\/strong> \/ HU<\/td><td class=\"column-4\">L\u00e1z\u00e1r-kast\u00e9ly (Gyergy\u00f3sz\u00e1rhegy)<\/td><td class=\"column-5\">Ingyenes<br \/>\r\n<br \/>\r\n\u00a0<\/td>\n<\/tr>\n<tr class=\"row-13\">\n\t<td class=\"column-1\"><\/td><td class=\"column-2\">21.00<\/td><td class=\"column-3\"><strong>CIPRIANA SM\u0102R\u0102NDESCU<\/strong> \/ IT<\/td><td class=\"column-4\">Cinema Cs\u00edki Mozi<\/td><td class=\"column-5\">20\/15 lej<\/td>\n<\/tr>\n<tr class=\"row-14\">\n\t<td class=\"column-1\">J\u00falius 10.,<br \/>\r\n<br \/>\r\ncs\u00fct\u00f6rt\u00f6k<\/td><td class=\"column-2\">19.00<\/td><td class=\"column-3\"><strong>MIRA GLODEANU <\/strong>&amp; <strong>SEMPRE <\/strong>\/ BE, RO<\/td><td class=\"column-4\">Cinema Cs\u00edki Mozi<\/td><td class=\"column-5\">30\/20 lej<\/td>\n<\/tr>\n<tr class=\"row-15\">\n\t<td class=\"column-1\">J\u00falius 11.,<br \/>\r\n<br \/>\r\np\u00e9ntek<\/td><td class=\"column-2\">15.00<\/td><td class=\"column-3\"><strong>A XVII. R\u00e9gizenei Ny\u00e1ri Egyetem kurzusz\u00e1r\u00f3 hangversenye<\/strong><\/td><td class=\"column-4\">Nagy Istv\u00e1n M\u0171v\u00e9szeti K\u00f6z\u00e9piskola<\/td><td class=\"column-5\">Ingyenes<\/td>\n<\/tr>\n<tr class=\"row-16\">\n\t<td class=\"column-1\"><\/td><td class=\"column-2\">19.00<\/td><td class=\"column-3\"><strong>BAROQUE FESTIVAL ORCHESTRA <\/strong>\/ RO, HU, DE<\/td><td class=\"column-4\">Szent \u00c1goston-templom<\/td><td class=\"column-5\">50\/30 lej<\/td>\n<\/tr>\n<tr class=\"row-17\">\n\t<td class=\"column-1\">J\u00falius 12.,<br \/>\r\n<br \/>\r\nszombat<\/td><td class=\"column-2\">10.00<\/td><td class=\"column-3\"><strong>Renesz\u00e1nsz gyermeknap<\/strong><\/td><td class=\"column-4\">\u00a0<br \/>\r\n<br \/>\r\nMik\u00f3-v\u00e1r<\/td><td class=\"column-5\">15 lej<\/td>\n<\/tr>\n<tr class=\"row-18\">\n\t<td class=\"column-1\"><\/td><td class=\"column-2\">19.00<\/td><td class=\"column-3\"><strong>MUSICA HISTORICA<\/strong> \/ HU<\/td><td class=\"column-4\"><\/td><td rowspan=\"2\" class=\"column-5\">30\/20 lej<\/td>\n<\/tr>\n<tr class=\"row-19\">\n\t<td class=\"column-1\"><\/td><td class=\"column-2\">20.00<\/td><td class=\"column-3\"><strong>Renesz\u00e1nsz t\u00e1nch\u00e1z<\/strong><\/td><td class=\"column-4\"><\/td>\n<\/tr>\n<tr class=\"row-20\">\n\t<td class=\"column-1\">J\u00falius 13.,<br \/>\r\n<br \/>\r\nvas\u00e1rnap<\/td><td class=\"column-2\">12.00<\/td><td class=\"column-3\"><strong>ALLEGRA BAROKK ZENEKAR <\/strong>\/ RO<\/td><td class=\"column-4\">Unit\u00e1rius templom<\/td><td class=\"column-5\">Ingyenes<\/td>\n<\/tr>\n<tr class=\"row-21\">\n\t<td class=\"column-1\"><\/td><td class=\"column-2\">19.30<\/td><td class=\"column-3\"><strong>LAUDATE KAMARAK\u00d3RUS <\/strong>\/ RO<\/td><td class=\"column-4\">Cs\u00edksomly\u00f3i Kegytemplom<\/td><td class=\"column-5\">Ingyenes<\/td>\n<\/tr>\n<\/tbody>\n<\/table>\n<!-- #tablepress-1 from cache -->\n<p><a href=\"#_ftnref1\" name=\"_ftn1\">[1]<\/a> A teljes \u00e1r\u00fa jegy mellett, kedvezm\u00e9nyes \u00e1r\u00fa jegyet biztos\u00edtunk di\u00e1koknak \u00e9s nyugd\u00edjasoknak.<\/p>\n<p>FESZTIV\u00c1LB\u00c9RLET: a fesztiv\u00e1l minden koncertj\u00e9re \u00e9rv\u00e9nyes, teljes \u00e9rt\u00e9k\u0171 b\u00e9rlet \u00e1ra <strong>200 lej\/f\u0151<\/strong>, di\u00e1koknak, egyetemist\u00e1knak \u00e9s nyugd\u00edjasoknak <strong>150 lej\/f\u0151<\/strong>.<\/p>\n<p>Jegyek \u00e9s b\u00e9rletek el\u0151v\u00e9telben a Hargita Megyei Kultur\u00e1lis K\u00f6zpontban (Mihai Eminescu utca 3\/A) v\u00e1lthat\u00f3k \u00e9s a fesztiv\u00e1l alatt a\u00a0koncertek helysz\u00edn\u00e9n, az el\u0151ad\u00e1sok el\u0151tt egy \u00f3r\u00e1val.<\/p>\n<p>14 \u00e9v alatt a bel\u00e9p\u00e9s d\u00edjtalan.<\/p>\n<p>&nbsp;<\/p>\n<p>\ud83d\ude8c A helysz\u00ednre aut\u00f3busz indul az Er\u0151ss Zsolt Ar\u00e9na parkol\u00f3j\u00e1b\u00f3l f\u00e9l \u00f3r\u00e1val az esem\u00e9ny el\u0151tt.[\/vc_column_text][\/vc_column][vc_column column_padding=&#8221;no-extra-padding&#8221; column_padding_tablet=&#8221;inherit&#8221; column_padding_phone=&#8221;inherit&#8221; column_padding_position=&#8221;all&#8221; column_element_direction_desktop=&#8221;default&#8221; column_element_spacing=&#8221;default&#8221; desktop_text_alignment=&#8221;default&#8221; tablet_text_alignment=&#8221;default&#8221; phone_text_alignment=&#8221;default&#8221; background_color_opacity=&#8221;1&#8243; background_hover_color_opacity=&#8221;1&#8243; column_backdrop_filter=&#8221;none&#8221; column_shadow=&#8221;none&#8221; column_border_radius=&#8221;none&#8221; column_link_target=&#8221;_self&#8221; column_position=&#8221;default&#8221; el_class=&#8221;contact-image&#8221; gradient_direction=&#8221;left_to_right&#8221; overlay_strength=&#8221;0.3&#8243; width=&#8221;4\/12&#8243; tablet_width_inherit=&#8221;default&#8221; animation_type=&#8221;default&#8221; bg_image_animation=&#8221;none&#8221; border_type=&#8221;simple&#8221; column_border_width=&#8221;none&#8221; column_border_style=&#8221;solid&#8221; column_padding_type=&#8221;default&#8221; gradient_type=&#8221;default&#8221;][image_with_animation image_url=&#8221;75&#8243; image_size=&#8221;full&#8221; animation_type=&#8221;entrance&#8221; animation=&#8221;None&#8221; animation_movement_type=&#8221;transform_y&#8221; hover_animation=&#8221;none&#8221; alignment=&#8221;&#8221; border_radius=&#8221;none&#8221; box_shadow=&#8221;none&#8221; image_loading=&#8221;default&#8221; max_width=&#8221;100%&#8221; max_width_mobile=&#8221;default&#8221; el_class=&#8221;hide-mobile&#8221; margin_top=&#8221;150px&#8221;][\/vc_column][\/vc_row]\n","protected":false},"excerpt":{"rendered":"<p>[vc_row type=&#8221;full_width_background&#8221; full_screen_row_position=&#8221;middle&#8221; column_margin=&#8221;default&#8221; column_direction=&#8221;default&#8221; column_direction_tablet=&#8221;default&#8221; column_direction_phone=&#8221;default&#8221; bg_color=&#8221;#fafafa&#8221; scene_position=&#8221;center&#8221; top_padding=&#8221;5%&#8221; bottom_padding=&#8221;5%&#8221; text_color=&#8221;dark&#8221; text_align=&#8221;left&#8221; row_border_radius=&#8221;none&#8221; row_border_radius_applies=&#8221;bg&#8221; overflow=&#8221;visible&#8221; overlay_strength=&#8221;0.3&#8243; gradient_direction=&#8221;left_to_right&#8221; shape_divider_position=&#8221;bottom&#8221; bg_image_animation=&#8221;none&#8221; gradient_type=&#8221;default&#8221; shape_type=&#8221;&#8221;][vc_column top_padding_desktop=&#8221;60px&#8221; bottom_padding_desktop=&#8221;60px&#8221; left_padding_desktop=&#8221;100px&#8221; right_padding_desktop=&#8221;100px&#8221; top_margin=&#8221;-200px&#8221; column_element_direction_desktop=&#8221;default&#8221; column_element_spacing=&#8221;default&#8221; desktop_text_alignment=&#8221;default&#8221;&#8230;<\/p>\n","protected":false},"author":1,"featured_media":0,"parent":0,"menu_order":0,"comment_status":"closed","ping_status":"closed","template":"","meta":{"footnotes":""},"class_list":["post-644","page","type-page","status-publish"],"yoast_head":"<!-- This site is optimized with the Yoast SEO plugin v27.5 - https:\/\/yoast.com\/product\/yoast-seo-wordpress\/ -->\n<title>Jegyek - Regizene<\/title>\n<meta name=\"robots\" content=\"index, follow, max-snippet:-1, max-image-preview:large, max-video-preview:-1\" \/>\n<link rel=\"canonical\" href=\"https:\/\/regizene.ro\/2025\/jegyek\/\" \/>\n<meta property=\"og:locale\" content=\"hu_HU\" \/>\n<meta property=\"og:type\" content=\"article\" \/>\n<meta property=\"og:title\" content=\"Jegyek\" \/>\n<meta property=\"og:description\" content=\"Jegyek \u00e9s b\u00e9rletek el\u0151v\u00e9telben a Hargita Megyei Kultur\u00e1lis K\u00f6zpontban v\u00e1lthat\u00f3k \u00e9s a fesztiv\u00e1l alatt a koncertek helysz\u00edn\u00e9n, az el\u0151ad\u00e1sok el\u0151tt egy \u00f3r\u00e1val.\" \/>\n<meta property=\"og:url\" content=\"https:\/\/regizene.ro\/2025\/jegyek\/\" \/>\n<meta property=\"og:site_name\" content=\"Regizene\" \/>\n<meta property=\"article:modified_time\" content=\"2025-07-08T10:23:58+00:00\" \/>\n<meta property=\"og:image\" content=\"https:\/\/regizene.ro\/2025\/wp-content\/uploads\/2025\/07\/FB-altalanos-cover.jpg\" \/>\n\t<meta property=\"og:image:width\" content=\"2048\" \/>\n\t<meta property=\"og:image:height\" content=\"1075\" \/>\n\t<meta property=\"og:image:type\" content=\"image\/jpeg\" \/>\n<meta name=\"twitter:card\" content=\"summary_large_image\" \/>\n<meta name=\"twitter:label1\" content=\"Becs\u00fclt olvas\u00e1si id\u0151\" \/>\n\t<meta name=\"twitter:data1\" content=\"2 perc\" \/>\n<script type=\"application\/ld+json\" class=\"yoast-schema-graph\">{\"@context\":\"https:\\\/\\\/schema.org\",\"@graph\":[{\"@type\":\"WebPage\",\"@id\":\"https:\\\/\\\/regizene.ro\\\/2025\\\/jegyek\\\/\",\"url\":\"https:\\\/\\\/regizene.ro\\\/2025\\\/jegyek\\\/\",\"name\":\"Jegyek - Regizene\",\"isPartOf\":{\"@id\":\"https:\\\/\\\/regizene.ro\\\/2025\\\/#website\"},\"datePublished\":\"2023-07-05T09:04:42+00:00\",\"dateModified\":\"2025-07-08T10:23:58+00:00\",\"breadcrumb\":{\"@id\":\"https:\\\/\\\/regizene.ro\\\/2025\\\/jegyek\\\/#breadcrumb\"},\"inLanguage\":\"hu\",\"potentialAction\":[{\"@type\":\"ReadAction\",\"target\":[\"https:\\\/\\\/regizene.ro\\\/2025\\\/jegyek\\\/\"]}]},{\"@type\":\"BreadcrumbList\",\"@id\":\"https:\\\/\\\/regizene.ro\\\/2025\\\/jegyek\\\/#breadcrumb\",\"itemListElement\":[{\"@type\":\"ListItem\",\"position\":1,\"name\":\"Kezd\u0151lap\",\"item\":\"https:\\\/\\\/regizene.ro\\\/2025\\\/\"},{\"@type\":\"ListItem\",\"position\":2,\"name\":\"Jegyek\"}]},{\"@type\":\"WebSite\",\"@id\":\"https:\\\/\\\/regizene.ro\\\/2025\\\/#website\",\"url\":\"https:\\\/\\\/regizene.ro\\\/2025\\\/\",\"name\":\"Regizene\",\"description\":\"\",\"potentialAction\":[{\"@type\":\"SearchAction\",\"target\":{\"@type\":\"EntryPoint\",\"urlTemplate\":\"https:\\\/\\\/regizene.ro\\\/2025\\\/?s={search_term_string}\"},\"query-input\":{\"@type\":\"PropertyValueSpecification\",\"valueRequired\":true,\"valueName\":\"search_term_string\"}}],\"inLanguage\":\"hu\"}]}<\/script>\n<!-- \/ Yoast SEO plugin. -->","yoast_head_json":{"title":"Jegyek - Regizene","robots":{"index":"index","follow":"follow","max-snippet":"max-snippet:-1","max-image-preview":"max-image-preview:large","max-video-preview":"max-video-preview:-1"},"canonical":"https:\/\/regizene.ro\/2025\/jegyek\/","og_locale":"hu_HU","og_type":"article","og_title":"Jegyek","og_description":"Jegyek \u00e9s b\u00e9rletek el\u0151v\u00e9telben a Hargita Megyei Kultur\u00e1lis K\u00f6zpontban v\u00e1lthat\u00f3k \u00e9s a fesztiv\u00e1l alatt a koncertek helysz\u00edn\u00e9n, az el\u0151ad\u00e1sok el\u0151tt egy \u00f3r\u00e1val.","og_url":"https:\/\/regizene.ro\/2025\/jegyek\/","og_site_name":"Regizene","article_modified_time":"2025-07-08T10:23:58+00:00","og_image":[{"width":2048,"height":1075,"url":"https:\/\/regizene.ro\/2025\/wp-content\/uploads\/2025\/07\/FB-altalanos-cover.jpg","type":"image\/jpeg"}],"twitter_card":"summary_large_image","twitter_misc":{"Becs\u00fclt olvas\u00e1si id\u0151":"2 perc"},"schema":{"@context":"https:\/\/schema.org","@graph":[{"@type":"WebPage","@id":"https:\/\/regizene.ro\/2025\/jegyek\/","url":"https:\/\/regizene.ro\/2025\/jegyek\/","name":"Jegyek - Regizene","isPartOf":{"@id":"https:\/\/regizene.ro\/2025\/#website"},"datePublished":"2023-07-05T09:04:42+00:00","dateModified":"2025-07-08T10:23:58+00:00","breadcrumb":{"@id":"https:\/\/regizene.ro\/2025\/jegyek\/#breadcrumb"},"inLanguage":"hu","potentialAction":[{"@type":"ReadAction","target":["https:\/\/regizene.ro\/2025\/jegyek\/"]}]},{"@type":"BreadcrumbList","@id":"https:\/\/regizene.ro\/2025\/jegyek\/#breadcrumb","itemListElement":[{"@type":"ListItem","position":1,"name":"Kezd\u0151lap","item":"https:\/\/regizene.ro\/2025\/"},{"@type":"ListItem","position":2,"name":"Jegyek"}]},{"@type":"WebSite","@id":"https:\/\/regizene.ro\/2025\/#website","url":"https:\/\/regizene.ro\/2025\/","name":"Regizene","description":"","potentialAction":[{"@type":"SearchAction","target":{"@type":"EntryPoint","urlTemplate":"https:\/\/regizene.ro\/2025\/?s={search_term_string}"},"query-input":{"@type":"PropertyValueSpecification","valueRequired":true,"valueName":"search_term_string"}}],"inLanguage":"hu"}]}},"_links":{"self":[{"href":"https:\/\/regizene.ro\/2025\/wp-json\/wp\/v2\/pages\/644","targetHints":{"allow":["GET"]}}],"collection":[{"href":"https:\/\/regizene.ro\/2025\/wp-json\/wp\/v2\/pages"}],"about":[{"href":"https:\/\/regizene.ro\/2025\/wp-json\/wp\/v2\/types\/page"}],"author":[{"embeddable":true,"href":"https:\/\/regizene.ro\/2025\/wp-json\/wp\/v2\/users\/1"}],"replies":[{"embeddable":true,"href":"https:\/\/regizene.ro\/2025\/wp-json\/wp\/v2\/comments?post=644"}],"version-history":[{"count":33,"href":"https:\/\/regizene.ro\/2025\/wp-json\/wp\/v2\/pages\/644\/revisions"}],"predecessor-version":[{"id":1764,"href":"https:\/\/regizene.ro\/2025\/wp-json\/wp\/v2\/pages\/644\/revisions\/1764"}],"wp:attachment":[{"href":"https:\/\/regizene.ro\/2025\/wp-json\/wp\/v2\/media?parent=644"}],"curies":[{"name":"wp","href":"https:\/\/api.w.org\/{rel}","templated":true}]}}